
Let d(x) = x + 1. Let h(j) = j**2 - 5*j - 7. Let i(g) = -3*d(g) - h(g). Let l(r) = -r**3 + 3*r**2 - 28*r + 24. Let n be l(1). What is i(n)?
-4
Let a = -775 + 765. Let k(x) be the third derivative of -x**4/24 - 7*x**3/3 + x**2. Give k(a).
-4
Let y(s) be the second derivative of -s**4/12 - 13*s**3/6 + 7*s**2/2 - 454*s + 3. Suppose -5*r - 56 = 4*t, -2*t = -r + 25 + 3. Give y(t).
-7
Let h(q) = -q**2 + 90897*q + 90896*q + 0*q**2 + 228 - 181830*q. Calculate h(5).
18
Let u be (3/(-2))/(6/(-8)). Suppose 20 = u*d + 2*c, 4*d - 2*c = 3*c + 49. Let k be d/(-3) - (-21)/(-63). Let w(g) = g**3 + 5*g**2 + 4*g - 2. Give w(k).
-2
Let n(d) be the first derivative of -1/3*d**3 + 1/2*d**2 + 34*d - 38. Let m(c) be the first derivative of n(c). Determine m(-1).
3
Let p(z) be the third derivative of z**5/60 + 7*z**4/24 - 22*z**3/3 - 175*z**2 + 2*z. What is p(4)?
0
Let y(t) = -35*t - 2. Let m(i) = i**2 + 122*i + 4. Let l(d) = -m(d) - 4*y(d). Give l(18).
4
Let c(z) = -16*z**2 + 13*z + 12. Let w(d) = 12*d**2 - 11*d - 13. Let n(m) = -4*c(m) - 5*w(m). What is n(-3)?
44
Let v = -64 - -100. Let c = v - 26. Let r(m) = 2*m + 22. Let g(p) = p + 12. Let l(n) = -11*g(n) + 6*r(n). What is l(c)?
10
Suppose -16*n + 40*n + 93*n + 3627 = 0. Let m(y) = -y**2 - 35*y - 115. Determine m(n).
9
Let y = -24 - -35. Suppose 0 = 5*i - g - 7, -3*i + 0*g = -4*g - y. Let h(p) be the third derivative of p**4/3 + p**3/6 - 2*p**2. Calculate h(i).
9
Let w be 5/(((-13)/(52/12))/(-3)). Let r(f) = f**2 - 3*f + 8. Calculate r(w).
18
Suppose 52*o - 54 = -18 + 172. Let a(y) be the third derivative of 0 - 7/6*y**o - 16*y**2 + 0*y - 1/6*y**3. Give a(-1).
27
Let t be -7*(3 + (-54)/14). Let z be (1/1 + (-9)/t)*-2. Let c(s) be the third derivative of s**6/60 - s**5/60 + s**4/24 - 6*s**2. Give c(z).
2
Let m(t) = -16*t**3 - 3*t**2 - t + 1. Let f be 9192/(-28) - 16/(-56). Let k = 327 + f. Calculate m(k).
15
Let r = 62 - 60. Suppose 0 = -j - r*q - 0 + 16, -4*j - q = -36. Let n(m) = -m**2 + 8*m - 5. Determine n(j).
-5
Let z(r) = -r**3 - 1. Let y(m) be the second derivative of 7*m**4/12 + m**3/6 - 4*m**2 + 46*m + 1. Let k(j) = y(j) - z(j). What is k(-7)?
-14
Let m(l) = 13*l - 6. Let t(z) = 49*z + 49. Let p be t(-1). Calculate m(p).
-6
Let i(x) = x**2 - 6*x + 13. Let z be i(6). Suppose -3*g + 0 + z = -4*d, -4*g + 8 = -4*d. Let t(s) = -s**2 - 7*s - 2. What is t(d)?
-2
Let r = -11105 - -11103. Let c(f) = -4*f**2 - 5*f - 2. What is c(r)?
-8
Let a(j) = -j**2 + 8*j - 8. Let m be 221/34 - 3/(-2). Let u(o) = o**3 - 10*o**2 + 16*o + 6. Let g be u(m). Determine a(g).
4
Let l(f) be the first derivative of -f**4/4 - 2*f**3 + 7*f**2 + 16*f + 1856. Calculate l(-8).
32
Let t = 886 + -471. Let j = t - 410. Let a(v) = -v + 15. Give a(j).
10
Let t(s) = -85*s + 85. Let x(i) be the second derivative of 5*i**3/6 - 5*i**2/2 - 50*i. Let g(b) = 2*t(b) + 35*x(b). Let u be 1/1*(0 - -4). Determine g(u).
15
Let y(n) = -12*n**2 + 11*n + 49. Let z(s) = 8*s**2 - 9*s - 33. Let h(p) = -5*y(p) - 7*z(p). Give h(2).
18
Let u(t) = t + 2. Let z = -85 + 192. Let a = z + -83. Suppose -a = j + 2*j. Give u(j).
-6
Suppose 0 = -28*h + 35*h - 245. Suppose -4*x = -11 + h. Let q(g) be the second derivative of g**5/20 + 7*g**4/12 + 3*g**3/2 + 4*g**2 + 4*g. Determine q(x).
-10
Suppose 83*u = 81*u. Suppose u = -26*o + 22*o - 20. Let n(l) = l**2 + 6*l - 2. Calculate n(o).
-7
Let u(m) = m**2. Let p be (-2 - (3 - 3)) + 5. Let i(q) = 1 + 20*q**2 + 242*q - 13*q**2 - 241*q - q**3. Let s(x) = p*u(x) - i(x). Calculate s(5).
19
Let a(g) = -g + 2. Suppose -1 - 7 = 12*j + 16. Determine a(j).
4
Let s(h) = -6*h + 10341 - 5196 - 5156. Calculate s(-1).
-5
Let z(w) = -4*w - 9. Let o(x) = 3*x + 8. Let j = 650 + -653. Let g(b) = j*o(b) - 2*z(b). Calculate g(7).
-13
Let x(j) = 5*j + 18. Suppose -57*z = -42*z + 60. Calculate x(z).
-2
Let o(t) = t - 13. Suppose 5*g - 5 = 0, 4*a - a = 5*g - 620. Let r = -198 - a. What is o(r)?
-6
Suppose -3*o + 4*y + 11 = 102, -58 = 2*o - 2*y. Let b = o - -26. Let u be -2 - 2 - (b + 0). Let j(l) = 3*l + 2. Give j(u).
-13
Let f(k) = -k. Let c = 0 - 1. Let v(h) = h**2 + 10*h - 4. Let z(p) = c*v(p) - 4*f(p). Suppose 892*x + 34 = 890*x - 3*b, -16 = 2*b. Give z(x).
9
Let b(a) = -a**2 + 16*a - 18. Let s(f) = -2*f**2 - 37*f + 401. Let y be s(-26). Give b(y).
37
Let j = 150 - 136. Let s(r) be the first derivative of 1/2*r**2 - 4*r + j. Calculate s(0).
-4
Suppose 1 = -t + 3. Suppose t*v - 2*w + 26 = 3*w, -2*w = -2*v - 14. Let h(g) = -g. What is h(v)?
3
Let a(s) be the first derivative of s**3/3 + 9*s**2 + 53*s - 3484. What is a(-12)?
-19
Let w(d) = 15*d + 19*d - 5*d - 3*d + 133 + 6*d. Calculate w(-4).
5
Let j(f) be the second derivative of f**7/840 - f**6/720 + f**5/60 - f**4/12 + 38*f**3/3 - 46*f + 1. Let u(l) be the third derivative of j(l). Give u(1).
4
Let p(m) be the second derivative of 2 - 1/2*m**3 + 6*m**2 - 22*m. Determine p(5).
-3
Let c = -5699 - -5676. Let d(n) = -4*n - 101. Determine d(c).
-9
Let n(u) = -287*u - 283*u - 8 - 295*u - 16 + 887*u. Calculate n(1).
-2
Let a be 1/(-1)*(29 + -25) + 0. Let z(t) = -t**3 - 5*t**2 + t - 8. Calculate z(a).
-28
Let m(v) be the third derivative of v**6/120 + 4*v**5/15 - 13*v**4/24 + 25*v**3/6 + 33*v**2 + 5*v. Determine m(-17).
-43
Let h(b) = b**3 - b**2 - 5. Suppose 2*v = f, f = 5*f + 5*v - 26. Suppose 5*y = f*y + 6*y. Calculate h(y).
-5
Let n(t) = t**3 + 9*t**2 + 3*t - 79. Let r be n(-7). Let o(d) = d**3 + 2*d**2 + 5*d + 11. Calculate o(r).
1
Let u(w) = 2*w**3 + 4*w**2 + 9*w + 7. Let o(j) = j**3 + j + 1. Let i(h) = -3*o(h) + u(h). Let l be (9096/(-3790))/(4/(-10) + 0). Give i(l).
-32
Let w(s) = s + 2. Let z(x) = -1. Let y(c) = 3*w(c) + 2*z(c). Let m be y(-6). Let i be ((-12)/14)/((-2)/m). Let h(j) = -2*j - 2. What is h(i)?
10
Let b(d) be the second derivative of 4*d**3/3 - 39*d**2/2 + 3061*d. Calculate b(6).
9
Suppose 0 = -3*y - 5*u - 99, -5*y - 100*u + 101*u = 109. Let l(x) = -x**3 - 24*x**2 - 25*x - 42. Give l(y).
4
Let p(t) = -115 - 27*t**2 - 218*t**3 + 110*t**3 + 23*t + 110*t**3. What is p(13)?
15
Let y = 4610 - 4604. Let x(c) = c - 8. Determine x(y).
-2
Let x(r) = -761*r + 20. Let u be x(1). Let z = -738 - u. Let m(b) = -10*b. Give m(z).
-30
Suppose -81886 = 10*z - 81936. Let h = 0 - -2. Let d(w) = w - 2 - w + 5*w**h - w**3. Calculate d(z).
-2
Let j(u) be the first derivative of u**3/3 - u**2 - 5*u + 61161. Suppose 0 = 4*o - 2*f - 20, -3*o + 3*f + f = -10. Determine j(o).
19
Let r(y) = -14 + 5 + 27*y**2 + 7*y - 26*y**2 - 21*y. Give r(13).
-22
Let m(h) = h**3 - h**2 - h + 8. Let v = 616 + -660. Let i = -44 - v. What is m(i)?
8
Let n be (-352)/(-184) + 2/23. Let w(c) = 1 - c**2 - 9*c - 6*c**2 + 0 + 11*c**n - c**2. What is w(6)?
55
Let q(t) = 20*t**2 + 2*t. Suppose 54 - 45 + 57 = 33*o. What is q(o)?
84
Let b be ((-100)/50)/((-4)/6). Let g(i) = 227 + 3*i**3 - 4*i**b + i**2 + 5*i - 451 + 222. Suppose 2*j - 12 = -2*j. Calculate g(j).
-5
Let j(m) = -m**3 + 6*m**2 - 2*m + 15. Let y = -25865 - -25865. What is j(y)?
15
Let n(m) = -518*m**2 - 439*m**2 + 1443*m**2 - 2*m - 464*m**2 + 1. Determine n(-2).
93
Let o(z) = -2*z**2 - 2*z - 2. Suppose 288*r - 30 = 285*r. Suppose -r*u - 8 = -6*u. Determine o(u).
-6
Let o(h) = h**3 + 14*h**2 - 7*h - 22. Let k be o(-6). Let z = 305 - k. Let f(j) = j**3 + 2*j**2 - 3*j + 4. Determine f(z).
4
Let g(z) = -5*z**2 + 12*z - 50. Let k(l) = 11*l**2 - 29*l + 102. Let q(r) = -13*g(r) - 6*k(r). Give q(21).
-25
Suppose -n + 16 = 4*d, 5*d - 20*n + 22*n - 26 = 0. Let w(x) = -x**3 + 6*x**2 - 8*x + 10. Calculate w(d).
10
Suppose 4*c = -3*j + c - 21, -j + 3*c = -1. Let g(b) = 2*b**3 + 7*b**2 - 15*b + 6. Let p be g(j). Let h(n) = n - 6. Calculate h(p).
0
Let m(i) = -3*i**3. Let f = -268 + 279. Suppose f*y - 5 - 6 = 0. Give m(y).
-3
Let y(l) = -l**3 - 7*l**2 + 11*l - 8. Suppose 271*q + 712 = -1456. Give y(q).
-32
Suppose -7*d + 103 - 89 = 0. Let f(b) = 0*b - 3733*b**d + 0*b - 1 + 3752*b**2. Determine f(1).
18
Let p be (16 + 0)/4 - 0. Let y(q) = -5*q**2 + 6*q - 2 - 12*q + 10*q. Let h(r) = -4*r**2 + 5*r - 3. Let n(i) = -4*h(i) + 3*y(i). Calculate n(p).
-10
Let g(k) be the third derivative of k**6/120 + k**5/20 - k**4/8 - k**3/3 + 2*k**2. Let w = -46 + 55. Suppose w*d - 22*d - 52 = 0. Give g(d).
-6
Let l(q) = q**2 + 11*q + 2. Let v(u) = 2*u - 3. Let d be v(-4). Let t be l(d). Let n(y) = -t - 1 + y - 